are the prime factors of w?
2, 11, 53
Let r(o) = -o**2 - 9*o + 26. Let t be r(-11). Suppose -607 = -3*x + 2*d, t*x - 835 + 25 = 2*d. List the prime factors of x.
7, 29
Suppose 13364 = 26*m - 19214. What are the prime factors of m?
7, 179
Let k(f) = f**3 + 5*f**2 + 4*f - 3. Let j be k(-5). Let r(l) = -4*l + 41. Let w be r(19). Let h = j - w. What are the prime factors of h?
2, 3
List the prime factors of 10061864/(-206)*1/(-4).
12211
What are the prime factors of ((-3525768)/36)/((-4)/(-16)*-6)?
2, 3, 5441
Let s(y) = -44*y**3 - 22*y**2 - 35*y + 496. List the prime factors of s(-9).
5, 6221
Let p be 8*(2/14)/(30/1155). List the prime factors of 1/(6/1827)*p/33.
2, 7, 29
Let p = 81784 + -40226. What are the prime factors of p?
2, 11, 1889
Let t = 14455 + 3318. What are the prime factors of t?
7, 2539
Let v be 51282/22 - (6 - 1). Suppose -4*q - k + v = 0, 587 = 3*q - 2*q + 3*k. List the prime factors of q.
7, 83
Let f(l) = l**3 + 28*l**2 - 50*l + 59. List the prime factors of f(-21).
2, 1049
Let g = 887 - 193. Suppose -h - 5 = 0, -5*c + 2009 - g = 2*h. What are the prime factors of c?
5, 53
Let n = 5818 + -2701. What are the prime factors of n?
3, 1039
Suppose -3*d + 17 = 2*d + l, -5*d + 3*l + 29 = 0. Let c be 6/(-9)*(d - 7). Suppose -5*m + 133 = c*m. What are the prime factors of m?
19
List the prime factors of (-53487)/(-162)*(3 + 3).
7, 283
Let h(c) = 42*c**3 + 3. List the prime factors of h(5).
3, 17, 103
Let k = -3126 - -3897. List the prime factors of k.
3, 257
Suppose 4*c - 3 - 5 = 0. Let b(q) = 33*q - 6. Let t be b(2). Suppose 4*w - 2*j = 123 + 135, w - c*j = t. List the prime factors of w.
2, 3, 11
Let o(s) = 3*s + 30. Let m(z) be the third derivative of -z**4/24 + 7*z**3/2 + 21*z**2. Let y be m(7). What are the prime factors of o(y)?
2, 3
Suppose -16*v + 146013 = 56*v + 47*v. What are the prime factors of v?
3, 409
Let u be (4/2)/((-1)/(-2)). Let j(o) = -117*o - 1836. Let v be j(-16). Suppose 3*y + 2*b + v = 94, -u*y + 5*b = -108. List the prime factors of y.
2, 11
Suppose -3*j = -5*d + 9876, 16*d - 11*d + 5*j = 9820. List the prime factors of d.
3, 73
Suppose -d + 4365 = 3*v, 19*v = 5*d + 14*v - 21905. What are the prime factors of d?
3, 1459
Let l(d) = 6*d - 51. Let o be l(9). Suppose 32*q - 23548 = o*q. List the prime factors of q.
2, 7, 29
Suppose -5*a = -3*n + 44391, -5*a - 44388 - 14800 = -4*n. What are the prime factors of n?
14797
Let v(l) = 28*l**2 - 171*l + 4491. What are the prime factors of v(34)?
5, 7, 887
Suppose c + 2 = 3*j, -c + j = -0 - 2. Suppose 5*n = 2*n - 5*t + 947, -1256 = -c*n - 5*t. List the prime factors of n.
3, 103
List the prime factors of ((-348)/290)/(((-9)/1480)/3).
2, 37
Let j = 6 - -1. Let s(h) = 3*h**2 - h - h**3 + 0*h + j*h**2 + 2*h**2 - 15. What are the prime factors of s(11)?
5, 19
Suppose 2*u = 243 + 1525. Suppose -901 = -3*t + u. Suppose 785 + t = 12*r. List the prime factors of r.
5, 23
Let x(m) = -26*m - 17. Let y be 6/(4 - 1) - -3. Suppose 3*q - y*n + 10 = 0, -4*n + 11 = -3*q - 0*n. What are the prime factors of x(q)?
113
Suppose -s - 3*j = 431, 4*s = -j + 6*j - 1758. Let h = 1160 + s. List the prime factors of h.
3, 241
Let a = 69173 + -33770. What are the prime factors of a?
3, 11801
Suppose 0 = 2*c - 0*c - 3*m - 16, 0 = c + m + 2. Suppose -c*n - 8*n + 60 = 0. Suppose n*v = 19*v - 2184. List the prime factors of v.
2, 3, 7
Suppose 97*a - 196077 - 57869 = 0. List the prime factors of a.
2, 7, 11, 17
Let p(f) = 5*f**2 - 21*f - 21. List the prime factors of p(35).
7, 13, 59
What are the prime factors of (-185 - -185) + 3 + 10717?
2, 5, 67
Suppose 205 + 2646 = 6*t - 1055. What are the prime factors of t?
3, 7, 31
Let j(i) = -7*i**2 + 61*i - 38. Let y be j(8). Suppose 6*v = -y*h + 8*v + 420, 5*v = -h + 204. List the prime factors of h.
11, 19
Let r(z) = -57*z - 5. Let v(d) = -7 - 114*d + 10 - 9 - 4. Let g(y) = 5*r(y) - 3*v(y). What are the prime factors of g(2)?
7, 17
Let g = -37104 - -69649. What are the prime factors of g?
5, 23, 283
Let y(s) be the third derivative of s**5/10 - 13*s**4/4 - 25*s**3/6 - 190*s**2. What are the prime factors of y(22)?
1163
Let a = -135 - -18. Let h = a + 427. What are the prime factors of h?
2, 5, 31
Suppose 242*l - 1912908 - 3395651 = -1212709. List the prime factors of l.
5, 677
Suppose 2*i + 128 - 41 = h, -4*i - 172 = -4*h. Let n = i + 431. What are the prime factors of n?
3, 43
Suppose 3*w = -4*v - 14, -11*v - 10 = -7*v + 5*w. What are the prime factors of (1 - -2) + 13 - (-5 - v)?
2
Suppose -29*b + 27*b + 108 = 0. Suppose 518 = 2*t - b. What are the prime factors of t?
2, 11, 13
List the prime factors of (-61)/(2623/(-2675288)) + (-3 - 2).
3, 89, 233
Let j(f) = f**3 + 7*f**2 + 10*f + 9. Let l be j(-5). Suppose -2*n + v = -6, 3 = 4*n + v - l. List the prime factors of ((-873)/n - -1)*6/(-12).
5, 29
Let n = 13333 + 1974. What are the prime factors of n?
15307
Let a = 15168 - 9411. List the prime factors of a.
3, 19, 101
Suppose 58*c = 57*c + 4*x + 50572, 26*c = 2*x + 1313954. What are the prime factors of c?
2, 6317
List the prime factors of (-49706)/(-5) - 3/75*5.
9941
Let p be 22/(12/14*1/3). Let s be (-14)/p + (-12348)/(-33). Let c = s + -265. List the prime factors of c.
109
Suppose 12 = -4*v + 20. Let k(g) = g**3 - g - 1. Let m be k(v). Suppose m*f = -2*f + 1267. What are the prime factors of f?
181
Suppose 3*r = 2*h + 21079, 5*h = -12*r + 17*r - 35135. What are the prime factors of r?
5, 281
Suppose 4*z = 7*v - 10*v + 1884, 4*v = 3*z + 2487. Let l = 1342 - v. List the prime factors of l.
2, 359
Let t(m) = 2*m**2 + 13*m - 43. Let u be t(-9). Suppose -a - 2*a + 1230 = -u*b, -2*a + 2*b + 818 = 0. What are the prime factors of a?
2, 103
Let s be -1 + (-5)/(-5) + 6. Suppose s*p - 289 = -25. Suppose 0 = -d + 3*k + p, 5*d + k - 18 = 234. What are the prime factors of d?
2, 5
Let z be (2 - (3 + 0))/(-2 - -1). List the prime factors of (-24361)/(-153) - ((-14)/18 + z).
3, 53
Let m(k) = -85*k - 53. Suppose 4*q + 58 = -5*u - 7, 0 = -2*u - 10. List the prime factors of m(q).
797
Let g(h) = 2644*h**2 + 25*h + 100. What are the prime factors of g(4)?
2, 3, 7, 11, 23
Let r be (268*(0 - 2)/(-4))/(-2). Let i = r + 62. Let y(w) = -w**3 - 4*w**2 - 4*w + 14. What are the prime factors of y(i)?
59
Let u(v) = -v**2 + v + 1. Let a(f) = 6*f**3 + 11*f**2 - 7*f - 5. Let x(y) = -a(y) - 6*u(y). List the prime factors of x(-3).
113
Let r(q) = 13*q**2 + 16*q + 77. Let z be r(-8). Suppose 0 = -3*p - 118 + z. What are the prime factors of p?
13, 17
Let s = 57 - 14. Suppose 2*p + 3 = 3*r - 3, -5*r = -p - 3. Let g = s - p. List the prime factors of g.
2, 23
Suppose -6*i = -5*i - 3. Suppose i*a = 2*x + 1526, 2*x - x + 1531 = 3*a. What are the prime factors of a?
2
Let x(i) = 863*i**2 - 5*i + 75. What are the prime factors of x(-7)?
42397
What are the prime factors of ((-12)/7)/((-8)/167216*64/16)?
2, 3, 1493
Suppose 782842 = 177*y - 937541 - 528402. What are the prime factors of y?
3, 5, 7, 11
Let w(x) = 5*x**3 - 4*x**2 + 7*x - 79. Suppose -2*u = -96 + 84. List the prime factors of w(u).
29, 31
Suppose 0 = 2*i - q - 3, -i + 2*q - 2 = -5*i. Let a be ((-40)/(-180))/(16/(-36))*4. What are the prime factors of (i/(-3))/(a/234)?
3, 13
Suppose -4*w + 1479 = -3*w - 3*k, -4*k - 7428 = -5*w. Let c = -937 + w. List the prime factors of c.
19, 29
Suppose 4*c + 42060 = 4*h + 320940, 11*h - 69816 = -c. List the prime factors of c.
2, 2179
Let o = -12 - -19. Let p be (1505/129)/(5/105). Suppose -o*f = -0 - p. What are the prime factors of f?
5, 7
Suppose -5*b + 297852 = -3*x, 119140 = -126*b + 128*b - 2*x. What are the prime factors of b?
3, 6619
Let b be 2 - -1*(-1 - -4). Suppose -3*o - 539 = -4*q + 2*o, -b*q = -o - 658. List the prime factors of q.
131
Let d(b) = -32*b - 1. Let y be d(-8). Suppose -5*c - 5*z = -3*c - y, 0 = -c + 2*z + 150. Suppose -u + 65 = t, -3*u - c = -t - t. List the prime factors of t.
67
Let a(r) = -6*r - 2. Let q(z) be the first derivative of -z**2/2 + 12*z + 16. Let l be q(14). List the prime factors of a(l).
2, 5
Let u = 2266 - 1020. Suppose w = 4*w. Suppose 8*z - z - u = w. What are the prime factors of z?
2, 89
Let y(x) = -5*x**3 + 6*x**2 + 2*x - 22. Let u(g) = -g**3 - 1. Let v(k) = 4*u(k) - y(k). Let j = -12 - -20. List the prime factors of v(j).
2, 5, 13
Let o(a) = 25*a